4134203 a prime number?
True
Is 18119 a composite number?
False
Is 52727 composite?
False
Is 16087 a prime number?
True
Is 327233 composite?
True
Is 825919 prime?
True
Is 11541 prime?
False
Is 113111 a prime number?
True
Is 3491 a prime number?
True
Is 9641 composite?
True
Is 191353 a composite number?
False
Is 223765 prime?
False
Is 2033 prime?
False
Is 10687 prime?
True
Is 75653 composite?
False
Is 2237 a composite number?
False
Is 4387 prime?
False
Is 55099 a prime number?
False
Is 44569 composite?
True
Is 7763 prime?
False
Is 39549 a prime number?
False
Is 809297 a composite number?
False
Is 702941 prime?
False
Is 40447 a prime number?
False
Is 19027 a composite number?
True
Is 1342489 composite?
False
Is 45755 prime?
False
Is 357421 a prime number?
True
Is 37159 prime?
True
Is 1523 composite?
False
Is 326489 a prime number?
False
Is 37747 a prime number?
True
Is 2437 prime?
True
Is 26081 a composite number?
True
Is 217619 prime?
True
Is 25001 a prime number?
False
Is 75493 prime?
False
Is 184291 prime?
True
Is 2921 composite?
True
Is 92509 prime?
False
Is 180413 a composite number?
False
Is 39607 a prime number?
True
Is 121921 a prime number?
True
Is 9277 a composite number?
False
Is 389 prime?
True
Is 51767 composite?
False
Is 62027 a prime number?
False
Is 54803 composite?
True
Is 8653 composite?
True
Is 538589 a prime number?
True
Is 37055 prime?
False
Is 787 composite?
False
Is 14073 a composite number?
True
Is 124211 a composite number?
True
Is 985703 a composite number?
False
Is 58637 a composite number?
True
Is 697831 a composite number?
False
Is 81179 prime?
False
Is 86161 a prime number?
True
Is 187045 prime?
False
Is 98057 composite?
False
Is 3251 prime?
True
Is 5129 a composite number?
True
Is 1967989 prime?
False
Is 3589 a composite number?
True
Is 4897 a prime number?
False
Is 121829 composite?
True
Is 11741 prime?
False
Is 88843 prime?
True
Is 56227 composite?
True
Is 39541 composite?
False
Is 6049 a prime number?
False
Is 28113 a prime number?
False
Is 116759 a composite number?
True
Is 60289 prime?
True
Is 64063 composite?
False
Is 1543 prime?
True
Is 382927 composite?
True
Is 2333 a prime number?
True
Is 64963 composite?
True
Is 103061 a composite number?
True
Is 73181 composite?
False
Is 1346 a composite number?
True
Is 16649 prime?
True
Is 229739 composite?
False
Is 238358 a composite number?
True
Is 38803 a prime number?
True
Is 1219453 a prime number?
True
Is 3989 a prime number?
True
Is 133241 a prime number?
True
Is 59333 prime?
True
Is 81727 a prime number?
True
Is 480449 prime?
True
Is 1945 a composite number?
True
Is 1909 composite?
True
Is 122921 a prime number?
True
Is 167513 a prime number?
False
Is 3365 a composite number?
True
Is 375359 a composite number?
False
Is 11777 a prime number?
True
Is 279649 composite?
False
Is 33 a prime number?
False
Is 20527 composite?
True
Is 231137 a composite number?
True
Is 15857 composite?
True
Is 1001153 a prime number?
True
Is 1175909 composite?
True
Is 58303 a composite number?
True
Is 2831 prime?
False
Is 21089 a prime number?
True
Is 33079 prime?
False
Is 295463 a prime number?
False
Is 46807 composite?
False
Is 130513 prime?
True
Is 531497 a composite number?
False
Is 209347 a composite number?
False
Is 21259 composite?
True
Is 91645 prime?
False
Is 3691 a prime number?
True
Is 96953 a composite number?
False
Is 42557 prime?
True
Is 298 a composite number?
True
Is 8403 prime?
False
Is 30647 a composite number?
True
Is 1083265 composite?
True
Is 72271 a composite number?
False
Is 15437 prime?
False
Is 24287 a composite number?
True
Is 83299 a composite number?
False
Is 40213 composite?
False
Is 67007 a prime number?
False
Is 6613 composite?
True
Is 334461 prime?
False
Is 8651 composite?
True
Is 471041 prime?
True
Is 1807 a prime number?
False
Is 5506 a composite number?
True
Is 105847 a composite number?
True
Is 232801 prime?
True
Is 3747 a prime number?
False
Is 74521 composite?
False
Is 45713 a composite number?
True
Is 18229 prime?
True
Is 166937 prime?
False
Is 158 prime?
False
Is 1243529 a composite number?
True
Is 407783 a prime number?
True
Is 15581 prime?
True
Is 7418 a composite number?
True
Is 17077 prime?
True
Is 858073 a prime number?
True
Is 21326 a prime number?
False
Is 607769 prime?
True
Is 19631 prime?
False
Is 177809 a prime number?
False
Is 78877 prime?
True
Is 290193 a composite number?
True
Is 39079 composite?
False
Is 15107 composite?
False
Is 17197 a composite number?
True
Is 232303 a prime number?
True
Is 35051 composite?
False
Is 3812453 composite?
False
Is 39851 composite?
True
Is 2120933 prime?
True
Is 112397 a prime number?
True
Is 223129 composite?
False
Is 929 prime?
True
Is 1964397 a composite number?
True
Is 111 prime?
False
Is 6779 composite?
False
Is 10037 a composite number?
False
Is 23251 composite?
False
Is 80897 prime?
True
Is 916907 a composite number?
False
Is 506359 a prime number?
False
Is 2231767 prime?
True
Is 18481 prime?
True
Is 84691 composite?
False
Is 1308049 a composite number?
False
Is 65761 composite?
False
Is 717907 composite?
True
Is 143609 composite?
False
Is 244291 prime?
True
Is 7441 a composite number?
True
Is 34123 a composite number?
False
Is 49142 prime?
False
Is 45755 a prime number?
False
Is 27611 prime?
True
Is 3845 composite?
True
Is 543 a prime number?
False
Is 22298 a composite number?
True
Is 2524442 a prime number?
False
Is 16669 composite?
True
Is 156511 composite?
False
Is 113189 a prime number?
True
Is 21709 prime?
False
Is 4178339 composite?
True
Is 46993 a prime number?
True
Is 17159 a prime number?
True
Is 138439 composite?
True
Is 118653 composite?
True
Is 1079053 a prime number?
True
Is 16301 a prime number?
True
Is 1058615 composite?
True
Is 1361 a prime number?
True
Is 312905 a composite number?
True
Is 257053 a composite number?
False
Is 34841 a composite number?
False
Is 41113 composite?
False
Is 973 a prime number?
False
Is 2129 composite?
False
Is 283201 a composite number?
True
Is 2099 a composite number?
False
Is 966191 a prime number?
True
Is 45831 a composite number?
True
Is 273547 a prime number?
False
Is 6007 prime?
True
Is 40057 a composite number?
True
Is 43751 prime?
False
Is 105601 composite?
False
Is 682087 a prime number?
False
Is 295727 composite?
False
Is 1142045 a composite number?
True
Is 5711 a composite number?
False
Is 200885 a composite number?
True
Is 9533 composite?
False
Is 170921 a prime number?
True
Is 13217 prime?
True
Is 14969 a prime number?
True
Is 18617 composite?
False
Is 30993 a prime number?
False
Is 24527 prime?
True
Is 227947 a composite number?
False
Is 25601 composite?
False
Is 5039 prime?
True
Is 746477 prime?
True
Is 24143 composite?
True
Is 5601 a composite number?
True
Is 254251 composite?
True
Is 3955411 a composite number?
True
Is 111793 a prime number?
False
Is 5199 a composite number?
True
Is 321 composite?
True
Is 58307 a composite number?
True
Is 4547 a composite number?
False
Is 6607 prime?
True
Is 7207 prime?
True
Is 356647 a composite number?
False
Is 1457 composite?
True
Is 20107 composite?
False
Is 60577 composite?
True
Is 13259 composite?
False
Is 74551 prime?
True
Is 102397 a composite number?
False
Is 1821 a composite number?
True
Is 2011367 a composite number?
True
Is 129515 prime?
False
Is 104485 a composite number?
True
Is 23509 composite?
False
Is 25387 a composite number?
True
Is 161453 a prime number?
True
Is 283681 a composite number?
True
Is 320101 a composite number?
False
Is 9489 prime?
False
Is 307634 a composite number?
True
Is 623647 a prime number?
False
Is 542873 prime?
True
Is 41341 a prime number?
True
Is 42493 a composite number?
True
Is 13791 composite?
True
Is 145193 prime?
True
Is 609879 a prime number?
False
Is 56411 a composite number?
True
Is 2041 a prime number?
False
Is 634421 a composite number?
False
Is 8941 a composite number?
False
Is 2414791 composite?
False
Is 26929 a composite number?
True
Is 4421 prime?
True
Is 413981 a prime number?
True
Is 12527 composite?
False
Is 13093 a composite number?
False
Is 175051 a composite number?
True
Is 30757 a composite number?
False
Is 1003 composite?
True
Is 2039419 a composite number?
True
Is 5519 composite?
False
Is 1040173 a composite number?
True
Is 149779